factors of l(i)?
43
Let q(p) = p**2 + 11*p + 4. Let v be q(-11). Let k(f) = 13*f + v - 1 - 5*f - 6. What are the prime factors of k(5)?
37
Let i be (6/8)/((-14)/56). Let f be (-2 + 4 + i)*-51. Suppose j - w = 21, f = j + 2*w + 3*w. What are the prime factors of j?
2, 13
Let w(k) = 28*k + 158. What are the prime factors of w(9)?
2, 5, 41
Let v = 85 - 103. Let g = -46 - -80. Let j = v + g. What are the prime factors of j?
2
Let h(b) = 117*b**2 + 35*b - 74. What are the prime factors of h(2)?
2, 29
Let m = -71 + 73. Suppose 386 = 4*t + m*j, -4*t - 3*j - 2*j = -401. List the prime factors of t.
2, 47
Let c(r) = 2*r**2 - 4*r - 1. Let z be c(-2). Let t(v) = 9*v + 30. What are the prime factors of t(z)?
3, 5, 11
Suppose -25*p + 7 = -24*p. Suppose 107 = -p*m + 8*m. What are the prime factors of m?
107
Suppose 0 = 5*h + 5, -5*n + 3*h - 159 = -1777. List the prime factors of n.
17, 19
List the prime factors of ((-248)/(-5))/((-2)/(-10)).
2, 31
Suppose -l - 432 = -2*k - 26, -2*k = -2*l - 406. List the prime factors of k.
7, 29
Suppose 148*f + 5280 = 154*f. What are the prime factors of f?
2, 5, 11
Suppose u = m + 18, -2*m = -5*u - 5*m + 106. Let y = u + -16. Suppose -y*o + 105 = -o. List the prime factors of o.
5, 7
Let v = 474 - 244. Suppose -5*f - 162 - 77 = 2*r, 5*f + 5*r + v = 0. Let j = f - -78. What are the prime factors of j?
29
Let b(v) = 3*v - 5. Let o be b(3). Let u(k) = -k**3 - 2*k**2 - 4. Let a be u(-3). Suppose o*c - a*c - z + 12 = 0, c + 3*z = 8. List the prime factors of c.
2, 7
Suppose 413*z = 420*z - 4256. List the prime factors of z.
2, 19
Let n(v) = 2*v**3 + 21*v**2 + 19*v + 11. Let z(q) = -q**3 - 11*q**2 - 9*q - 6. Let r(u) = -4*n(u) - 7*z(u). What are the prime factors of r(-6)?
2, 5
Suppose 4512 = 5*s - 658. What are the prime factors of s?
2, 11, 47
Let z = 8374 - 4362. What are the prime factors of z?
2, 17, 59
Let g(d) = -4*d**2 + 5*d**2 + 6*d - 12 + 20. Let a be g(-9). Let m = a + 0. What are the prime factors of m?
5, 7
Suppose r - 4*r = 4*s - 29, 5*r = -2*s + 25. Let o(d) be the second derivative of d**4/12 - d**3/6 - d**2 - 6*d. What are the prime factors of o(r)?
2
Let q(m) = -m**3 - 4*m**2 - 3*m + 4. Suppose 0 = 4*u - 5 - 15. Suppose -16 = u*g - 1. What are the prime factors of q(g)?
2
Suppose 0 = j - 2*f - 84 - 130, -j - f = -223. List the prime factors of j.
2, 5, 11
Let g = -11 - -23. Suppose 2*v = g + 12. What are the prime factors of (18/(-8))/(v/(-32))?
2, 3
Let x(y) = y**3 - 8*y**2 + 2*y - 5. Let d be x(8). Suppose 0 = d*b - 15*b + 48. What are the prime factors of b?
2, 3
Let o = -20 + 25. Let d(l) = 1 + 0*l - 5 + o*l. What are the prime factors of d(11)?
3, 17
Let o be 4/(-10) + (-1254)/(-10). Let m be 24/(-5)*o/(-10). Suppose -m = 4*p - 6*p. What are the prime factors of p?
2, 3, 5
Suppose 0 = -17*y + 15*y + 6. Suppose -5*t - 20 = 0, -10 = -3*f - 2*t - y*t. List the prime factors of f.
2, 5
Suppose 3*i = -15, p - 776 = -p + 4*i. List the prime factors of p.
2, 3, 7
Let d(p) = 2*p + 1. Let w be d(3). Suppose -w*r + 12*r = 0. Suppose -k + 19 - 7 = r. List the prime factors of k.
2, 3
List the prime factors of (-9)/(-18)*2*751.
751
Suppose a - 4*d - 2233 = 0, 0 = -4*a + 7*a + d - 6660. What are the prime factors of a?
2221
Let u = 45 + -39. What are the prime factors of (130/u)/((-3)/(-9))?
5, 13
Let f = 948 + -526. What are the prime factors of f?
2, 211
Suppose 8 = 4*m - 5*m. What are the prime factors of 32/m + 2 + 44?
2, 3, 7
Let r be (2 + (-27)/6)*(-1116)/(-9). List the prime factors of 5*(-5 + r/(-5)).
3, 5, 19
Suppose 4229 = 28*f - 139. What are the prime factors of f?
2, 3, 13
Let p(m) = -m**3 - 5*m**2 - 2. Let w be p(-5). Let b(c) = 2. Let l(o) = -o. Let z(n) = w*l(n) + b(n). What are the prime factors of z(8)?
2, 3
What are the prime factors of (-6834)/(-8) + 66/(-264)?
2, 7, 61
Let n(b) = b**3 + 25*b**2 + 33*b + 64. List the prime factors of n(-20).
2, 3, 13
Let l be ((-4)/6)/(3*(-1)/1098). Let q = 409 - l. What are the prime factors of q?
3, 5, 11
Let g = 137 - 76. Suppose s - 64 = -3*j + 25, -2*j - s = -g. List the prime factors of j.
2, 7
Let j = -122 - -127. Suppose 345 = 2*t - 3*a, 10*a = -3*t + j*a + 508. What are the prime factors of t?
3, 19
Suppose 0 = 7*h - 72 - 425. What are the prime factors of h?
71
Suppose 2*j + 40 = u, -218 = 3*u - 8*u + j. What are the prime factors of u?
2, 11
Suppose 0 = z + 4*f - 730, 2*z - 4*z = f - 1446. What are the prime factors of z?
2, 19
Let p be 84/(-10) + 2*3/15. Suppose j = -2*j - 69. Let v = p - j. What are the prime factors of v?
3, 5
Suppose -5*m = -4*m + 38. Let k = 67 + m. What are the prime factors of k?
29
Let p = -286 + 2990. List the prime factors of p.
2, 13
Suppose 3*s - 1071 = -14*s. List the prime factors of s.
3, 7
Suppose -3*a + 1744 = 4*d, -3*a - 1308 = -3*d + 2*a. What are the prime factors of d?
2, 109
Let r(f) = f**2 - 5*f + 6. Suppose 2*i = -3*g - 1, -26 = i - 6*i + 2*g. Let y be r(i). Suppose y*m - 148 = -2*m. What are the prime factors of m?
37
Suppose 2*c - 427 + 265 = 0. List the prime factors of c.
3
Suppose 0 = -3*b + 3*w, b - 3*b - 4*w + 30 = 0. Suppose -3*c + 219 + 125 = -4*h, 0 = -b*h + 20. What are the prime factors of c?
2, 3, 5
Let f be (0 - (-1)/((-8)/12))*-2. Suppose 2*s + 540 = 4*b - 3*s, f*b - 3*s - 408 = 0. List the prime factors of b.
2, 5, 7
Let y(c) = 3*c**2 + 31*c + 34. Let s be y(-12). Suppose -s = -j + 8. What are the prime factors of j?
2, 3, 17
Let t = -525 - -714. List the prime factors of t.
3, 7
Suppose -3*a = -a + 5*n - 560, -5*a + n = -1400. What are the prime factors of (2/(-5))/((-7)/a)?
2
Let i(z) = 55*z**2 + 27*z - 14. What are the prime factors of i(-5)?
2, 613
Let i = -63 - -66. What are the prime factors of 41/((-20)/(-6) - i)?
3, 41
Let a = 1055 + -729. What are the prime factors of a?
2, 163
Let c(w) = -3*w + 10. Let u be c(7). Let l(o) = 2*o**2 + 14*o - 13. What are the prime factors of l(u)?
3, 5
Let p(y) be the third derivative of y**7/2520 + y**6/720 + 5*y**4/24 + 4*y**2. Let b(z) be the second derivative of p(z). What are the prime factors of b(-2)?
2
Suppose 592 + 704 = y + m, 0 = -2*y - 4*m + 2602. Suppose 4*o - z - 1008 = -4*z, 5*o - 4*z - y = 0. What are the prime factors of o?
3, 5, 17
Let a(i) = -5*i - 2 + 3*i**2 + 11*i + 1 - i**3. Let y be a(4). Suppose 0 = x - y*x + 24. List the prime factors of x.
2
List the prime factors of (-6251)/38*4/(-7).
2, 47
Let j(r) be the third derivative of r**6/120 + r**5/15 + r**4/12 + r**3/2 + 2*r**2. Let t be j(-2). Suppose 3*o = t*o - 56. What are the prime factors of o?
2, 7
Let x(m) be the second derivative of m**7/2520 - m**6/180 + m**5/40 + m**4/2 + 8*m. Let v(p) be the third derivative of x(p). List the prime factors of v(-4).
5, 7
Suppose 0 = 4*m - 126 + 18. Let p(v) = v**3 + 2*v**2 + v. Let f be p(0). Suppose f = -5*x + 4*x + m. List the prime factors of x.
3
List the prime factors of (29286/(-3))/(-3) + 46/23.
2, 11, 37
Suppose -738 = 93*q - 94*q. List the prime factors of q.
2, 3, 41
Let j(u) = -4*u + 4. Suppose -3 = x + 10. Let k = x + 6. List the prime factors of j(k).
2
List the prime factors of (3*-1 - -1)/(408/(-109956)).
7, 11
Let d(c) = 48*c + 772. What are the prime factors of d(9)?
2, 7, 43
Let b(c) = -6*c + 1013. What are the prime factors of b(0)?
1013
Let x(k) = -k - 2. Let p be x(7). Let c = p - -9. What are the prime factors of 2 - c - (4 + -49)?
47
Suppose 4*v = 0, -j = -0*v + 5*v + 9. Let w(d) = d**2 + 10*d - 8. Let g be w(j). Let c = g - -46. List the prime factors of c.
29
Let h be 9*7/((-84)/(-8)). Suppose 2*c - h*c = -108. Suppose 0 = j - 21 - c. List the prime factors of j.
2, 3
List the prime factors of 3/27*-3*-903.
7, 43
Let r = -376 + 871. List the prime factors of r.
3, 5, 11
Let t = -4924 - -7848. List the prime factors of t.
2, 17, 43
Suppose 0 = -26*s + 29*s + 21. Let y(g) = -g**3 - 4*g**2 + 12*g + 1. List the prime factors of y(s).
2
Let n = -8 + -9. Let y = -12 - n. Let q = 22 - y. What are the prime factors of q?
17
Suppose -35*b + 810 = -4510. List the prime factors of b.
2, 19
Let s(w) be the second derivative of -1/2*w**2 + 11/2*w**3 + 0 + 5*w. What are the prime factors of s(2)?
5, 13
Let b(d) = -71*d - 221. List the prime factors of b(-25).
2, 3, 7, 37
Let o = 26 + -21. Suppose -3*h + 8*k - 6*k = -457, 0 = 